hat is the units digit of 3024857?
7
What is the ten thousands digit of 1286650?
8
What is the thousands digit of 4285605?
5
What is the ten thousands digit of 1479411?
7
What is the hundreds digit of 2452879?
8
What is the tens digit of 2457506?
0
What is the thousands digit of 5559845?
9
What is the thousands digit of 21602769?
2
What is the hundred thousands digit of 164528?
1
What is the thousands digit of 1560735?
0
What is the tens digit of 163919?
1
What is the tens digit of 5967210?
1
What is the units digit of 116206?
6
What is the hundred thousands digit of 38683854?
6
What is the units digit of 134598?
8
What is the units digit of 693455?
5
What is the units digit of 149754?
4
What is the hundred thousands digit of 434802?
4
What is the hundreds digit of 7281978?
9
What is the hundreds digit of 6117492?
4
What is the tens digit of 4083614?
1
What is the ten thousands digit of 3363885?
6
What is the thousands digit of 1677360?
7
What is the millions digit of 4348628?
4
What is the hundred thousands digit of 520920?
5
What is the thousands digit of 2542903?
2
What is the thousands digit of 8387891?
7
What is the units digit of 1036858?
8
What is the ten thousands digit of 258103?
5
What is the hundred thousands digit of 2609338?
6
What is the thousands digit of 1070532?
0
What is the thousands digit of 6766?
6
What is the thousands digit of 367356?
7
What is the hundred thousands digit of 3948752?
9
What is the tens digit of 1307150?
5
What is the tens digit of 328868?
6
What is the tens digit of 8533462?
6
What is the hundreds digit of 615542?
5
What is the tens digit of 601572?
7
What is the tens digit of 2671203?
0
What is the ten thousands digit of 730519?
3
What is the hundreds digit of 71778?
7
What is the hundreds digit of 13314322?
3
What is the ten thousands digit of 4298452?
9
What is the millions digit of 1197268?
1
What is the hundred thousands digit of 933465?
9
What is the millions digit of 1579462?
1
What is the hundred thousands digit of 2909575?
9
What is the ten thousands digit of 8349445?
4
What is the tens digit of 16541095?
9
What is the thousands digit of 758876?
8
What is the hundred thousands digit of 272353?
2
What is the units digit of 2271975?
5
What is the hundreds digit of 58055?
0
What is the thousands digit of 349407?
9
What is the hundred thousands digit of 2162268?
1
What is the millions digit of 24346728?
4
What is the millions digit of 2581626?
2
What is the hundred thousands digit of 4114658?
1
What is the tens digit of 5506609?
0
What is the units digit of 123875?
5
What is the tens digit of 6952481?
8
What is the units digit of 284349?
9
What is the thousands digit of 327160?
7
What is the units digit of 2451245?
5
What is the thousands digit of 2305828?
5
What is the tens digit of 15997376?
7
What is the ten thousands digit of 1606707?
0
What is the thousands digit of 240042?
0
What is the hundreds digit of 2569084?
0
What is the units digit of 3853334?
4
What is the hundred thousands digit of 461132?
4
What is the tens digit of 1236683?
8
What is the thousands digit of 12619025?
9
What is the thousands digit of 3617009?
7
What is the hundreds digit of 833707?
7
What is the hundred thousands digit of 11742242?
7
What is the ten thousands digit of 273265?
7
What is the thousands digit of 25427?
5
What is the ten thousands digit of 109095?
0
What is the ten thousands digit of 6345777?
4
What is the ten millions digit of 27904768?
2
What is the thousands digit of 442469?
2
What is the hundred thousands digit of 2667569?
6
What is the millions digit of 1347895?
1
What is the thousands digit of 22377?
2
What is the ten millions digit of 33394630?
3
What is the tens digit of 2314389?
8
What is the units digit of 50321?
1
What is the hundred thousands digit of 110154?
1
What is the units digit of 634627?
7
What is the units digit of 8730710?
0
What is the hundreds digit of 66622?
6
What is the hundreds digit of 114714?
7
What is the millions digit of 2802646?
2
What is the hundreds digit of 759753?
7
What is the tens digit of 1392419?
1
What is the tens digit of 117980?
8
What is the tens digit of 1781980?
8
What is the units digit of 278489?
9
What is the thousands digit of 686176?
6
What is the thousands digit of 1032741?
2
What is the units digit of 12548414?
4
What is the thousands digit of 2166732?
6
What is the hundreds digit of 5603974?
9
What is the hundreds digit of 5852391?
3
What is the hundreds digit of 66374?
3
What is the millions digit of 1032622?
1
What is the ten thousands digit of 120746?
2
What is the tens digit of 20816?
1
What is the hundred thousands digit of 312153?
3
What is the hundreds digit of 26948701?
7
What is the hundreds digit of 80309?
3
What is the thousands digit of 1821177?
1
What is the hundred thousands digit of 22790751?
7
What is the thousands digit of 1846723?
6
What is the ten thousands digit of 509539?
0
What is the units digit of 1023755?
5
What is the hundreds digit of 20864?
8
What is the tens digit of 485?
8
What is the ten thousands digit of 1695999?
9
What is the tens digit of 1035725?
2
What is the ten thousands digit of 189650?
8
What is the hundreds digit of 16903239?
2
What is the ten thousands digit of 361546?
6
What is the ten thousands digit of 952915?
5
What is the units digit of 3155923?
3
What is the millions digit of 8734041?
8
What is the hundreds digit of 2024688?
6
What is the ten thousands digit of 3661850?
6
What is the ten thousands digit of 741564?
4
What is the hundreds digit of 2052633?
6
What is the units digit of 2877825?
5
What is the hundreds digit of 706060?
0
What is the units digit of 841089?
9
What is the hundreds digit of 3928216?
2
What is the hundreds digit of 10953166?
1
What is the hundred thousands digit of 19521157?
5
What is the tens digit of 3680735?
3
What is the hundred thousands digit of 3668007?
6
What is the hundreds digit of 26997?
9
What is the units digit of 9545941?
1
What is the thousands digit of 908979?
8
What is the hundreds digit of 4019878?
8
What is the ten thousands digit of 917339?
1
What is the thousands digit of 4815032?
5
What is the hundreds digit of 12670764?
7
What is the hundreds digit of 12388365?
3
What is the thousands digit of 4617105?
7
What is the hundreds digit of 520485?
4
What is the thousands digit of 26225123?
5
What is the thousands digit of 468883?
8
What is the hundreds digit of 5928098?
0
What is the hundreds digit of 22857?
8
What is the ten thousands digit of 126256?
2
What is the hundred thousands digit of 2971790?
9
What is the ten thousands digit of 442423?
4
What is the millions digit of 2950177?
2
What is the hundreds digit of 38817?
8
What is the thousands digit of 126604?
6
What is the ten thousands digit of 4626758?
2
What is the thousands digit of 56367?
6
What is the ten thousands digit of 7402153?
0
What is the hundreds digit of 821209?
2
What is the units digit of 1688967?
7
What is the ten millions digit of 18110908?
1
What is the hundred thousands digit of 21713816?
7
What is the millions digit of 22765861?
2
What is the ten millions digit of 39116204?
3
What is the ten thousands digit of 245256?
4
What is the hundreds digit of 1492329?
3
What is the units digit of 16881764?
4
What is the tens digit of 950463?
6
What is the units digit of 8487312?
2
What is the millions digit of 11136786?
1
What is the hundreds digit of 1753519?
5
What is the ten thousands digit of 2659496?
5
What is the hundreds digit of 91317?
3
What is the millions digit of 6799621?
6
What is the millions digit of 1887138?
1
What is the hundred thousands digit of 282221?
2
What is the units digit of 28186?
6
What is the thousands digit of 4613820?
3
What is the units digit of 85193?
3
What is the hundred thousands digit of 3469564?
4
What is the thousands digit of 254684?
4
What is the hundreds digit of 11540903?
9
What is the ten thousands digit of 4335086?
3
What is the ten thousands digit of 250180?
5
What is the millions digit of 5787860?
5
What is the tens digit of 7703987?
8
What is the tens digit of 11278645?
4
What is the ten thousands digit of 13109813?
0
What is the units digit of 556282?
2
What is the thousands digit of 89079?
9
What is the units digit of 11436138?
8
What is the